e d(j).
-1
Suppose 3*r - 4 = -2*b + 4*r, -4*r = -b - 5. Let m(a) = -4*a**2 + 4*a + 1. What is m(b)?
-23
Let b(x) = 5*x**2 - x + 3. Let d(f) = -9*f**2 + f - 5. Let s(m) = -11*b(m) - 6*d(m). Suppose 4*j = 5*v - 37, v - 17 = -2*j + 6*j. What is s(v)?
-3
Let d(s) = 56*s - 11*s + 8 - 13*s - 20*s - 11*s. Suppose -p = -5*p. Determine d(p).
8
Let v(d) be the second derivative of 1/12*d**4 + 0 - 6*d - 1/2*d**3 + 0*d**2. Calculate v(6).
18
Let k(n) = n**3 + 5*n**2 - 5*n - 10. Let a(p) = -p**2 - p - 2. Let c(i) = -6*a(i) + k(i). Calculate c(-11).
-9
Let t(g) = g**2 - 20 + 18*g + 19 - 23*g. What is t(7)?
13
Let u(d) be the first derivative of d**4/4 + 2*d**3 + 2*d**2 - 5*d - 259. What is u(-4)?
11
Let i(j) be the third derivative of -j**6/120 + j**5/60 + j**4/24 - 2*j**2. Let a be ((-20)/(-50))/(4/(-10)). Calculate i(a).
1
Let n(g) = 423 - 207 - 209 - g. Suppose 0 = -r - 3*r + 20. Determine n(r).
2
Suppose 39*k - 66*k - 216 = 0. Let h(o) = -o**2 - 8*o + 3. What is h(k)?
3
Let k(y) = -y**2 - 7*y + 23. Let c(g) = 2*g**2 + 43*g + 185. Let r be c(-15). Calculate k(r).
-7
Let t(h) be the third derivative of -h**8/3360 + h**5/6 - 26*h**2. Let r(i) be the third derivative of t(i). Give r(1).
-6
Let n(q) = -q**3 - 3*q**2 + q + 1. Let i be (-30)/20*2*(-1)/3. Suppose -4*y - 12 = 5*b, -2*y - 5*b = -i + 17. Give n(y).
-17
Let d(t) = 7*t**2 - t. Let j(a) be the second derivative of a**3/6 + a**2 - 2*a. Let g(x) = -x - 4. Let n be g(-3). Let s be j(n). Calculate d(s).
6
Suppose 388*y - 36 = 392*y. Let u(s) = -s + 8*s**2 - 2*s**3 - 2 + 0 - 7*s + 3*s**3. Determine u(y).
-11
Let x(t) = -3*t**3 - 3*t**2 + 26*t + 1. Suppose -8 = -3*k + 1. Let v(s) = s**2 + s**k - 1 + 1 + 0 - 9*s. Let z(d) = -11*v(d) - 4*x(d). Give z(-3).
-7
Suppose -39*c = -225 + 30. Let t(m) = -m**2 + 8*m - 10. Determine t(c).
5
Suppose -x = 4*x - 5. Let b(w) be the third derivative of w**6/120 + w**5/30 - w**3/6 - 38*w**2. What is b(x)?
2
Let r(z) = 7*z + 19. Let j(b) = -8*b - 21. Let k(d) = 6*j(d) + 7*r(d). Suppose 16 + 4 = 5*i. Let v(q) = -q - 1. Let u be v(i). What is k(u)?
2
Let f(h) = 7*h + 4. Let v = 26 - 27. Let d(t) = t**3 - 2*t**2. Let g be d(v). Give f(g).
-17
Suppose 869 = 15*h - 4*h. Let k = -83 + h. Let t(g) = g**3 + 3*g**2 + 5. Calculate t(k).
-11
Let c(g) = 17*g**2 - 3*g - 3. Let p(q) = -55*q**2 + 10*q + 10. Let m(i) = 7*c(i) + 2*p(i). Let f be (-4)/3 - 2/(-6). Determine m(f).
9
Let k(b) = -b**3 + 8*b**2 + 20*b + 8. Let l be (-2)/(-13) - (-3 - (-979)/(-143)). What is k(l)?
8
Let w(g) = -g. Let x(l) = l**2 - 9*l + 4. Let h(j) = 3*w(j) - x(j). Give h(5).
1
Suppose 0 = 3*t - 2*j + 25, -t - 4*j + 13 = -2. Let s(v) = 1. Let p(f) = f + 2. Let r(i) = t*s(i) + p(i). Give r(6).
3
Let o(y) = y**3 - y**2. Suppose 0*k + 3*k = 3. Let p(h) = 3*h**3 + 2*h**2 - 7*h + 2. Let i(q) = k*p(q) - 2*o(q). Give i(-5).
12
Let a = 22 - -17. Let o = 38 - a. Let j(w) = 20*w**2 + w + 3. Let h(g) = 30*g**2 + g + 4. Let d(q) = -5*h(q) + 7*j(q). What is d(o)?
-11
Let h(g) = g. Let r(v) = 5. Let o(b) = b + 5. Let i(a) = 2*o(a) - 3*r(a). Let t(m) = -3*h(m) + i(m). Calculate t(-5).
0
Let u(n) = -5 - 4 - 6*n + 4 + 4 - n**2. Suppose -17 = 2*o - 7. Let z be o - (-1 + 4 - 3). Give u(z).
4
Let d(b) = 2*b**3 - 20 + 2*b + 11*b**2 - 12*b**3 + 9*b**3 + 4. Calculate d(11).
6
Let v be 18/81 + (-102)/(-27). Let i(d) = d**3 - 7*d**2 + 13*d - 4. Determine i(v).
0
Let v(d) = d**3 + 5*d**2 + 27. Let y(n) = n + 4. Let a(p) = -v(p) + 6*y(p). Determine a(-6).
-3
Let x = -1 - -4. Suppose -x*q + d + 9 = 0, 2 - 1 = q - d. Suppose q*h = -7 - 9. Let j(y) = -2*y + 4. Give j(h).
12
Suppose -5*h + 47 = 4*s, -2*s - 2*s = -5*h - 97. Let n be (10/4)/((-9)/s). Let v(q) = -q**3 - 6*q**2 - q + 5. Calculate v(n).
-15
Let i = -54 - -57. Let h(p) = -6*p**3 + 9 + 5*p**2 + 3*p + 7*p**i - 7. Suppose 0 = -5*n + 5*g - 2*g - 1, 3*g + 15 = -3*n. Determine h(n).
8
Suppose 2*a = -4*a - 90. Let r = a - -17. Let n(d) = -14*d + 28*d - 15*d - d**r. Calculate n(-3).
-6
Let s(u) = -8*u - 2 + 334*u**2 - u**3 - 2*u - 644*u**2 + 322*u**2. Determine s(11).
9
Let p(t) = t**3 + 6*t**2 - 2*t - 4. Suppose -3*j - 16 = g, -13*g + 40 = -5*j - 8*g. Calculate p(j).
8
Let g = -2302 + 2301. Let i(n) = 13*n**2 + 5*n. Let r(f) = 14*f**2 + 4*f. Let o(y) = 3*i(y) - 4*r(y). What is o(g)?
-16
Let w(k) = -3*k**3 - 22*k**2 + 87*k + 656. Let l be w(-7). Suppose -u = -2 - 1. Let v(r) = -r - 2 - 2*r**u + r**3 + 2*r**2 + 2*r**3. What is v(l)?
0
Let v(n) = -n**3 + 6*n**2 + 8*n - 3. Suppose -1 = u + 2, -3*u - 23 = -2*b. Calculate v(b).
4
Let k = 85 + -75. Suppose 0 = -q - 4 + k. Let n(x) = x + 2. Give n(q).
8
Let j(d) = 2*d**2 - 2*d + 1. Let f be j(2). Suppose -a - 6*v = -4*v + 1, -4*a + f = 5*v. Let t(w) = -w**3 + 5*w**2 - 4*w + 3. Calculate t(a).
-17
Let r = -17 + 26. Let t(o) = r - 4*o**2 - 4 + 1 + 4*o + 3*o**2. Let y be 8/20 - 69/(-15). Give t(y).
1
Suppose 3*r = w + 7, -2*r + 4 + 10 = 4*w. Suppose -2*b - w = 0, 5*h + 4*b - 5*b = 6. Let a(m) = h + 15*m - 9*m + 0. Give a(1).
7
Let f(h) be the second derivative of h**3/3 - h**2/2 + 177*h - 1. What is f(-2)?
-5
Let n(y) be the second derivative of 5*y**4/12 - y**3/3 - y**2/2 + 8*y + 9. Give n(-1).
6
Suppose q - 1 = -5*d, d + 3 = -d + 3*q. Suppose k + d*k = 7. Let y(u) = -u**3 + 7*u**2 - u + 5. What is y(k)?
-2
Let d(u) = -3*u. Let r(l) be the third derivative of l**4/24 + l**3/2 + 4*l**2. Let g be r(0). Suppose v + 0*v - g = 0. Calculate d(v).
-9
Let f(r) be the second derivative of r**5/20 + 5*r**4/12 - 8*r**3/3 - 2*r**2 + 2*r - 112. Give f(-7).
10
Suppose 2*k - 25 = 5*h, 2*k + 2*h + 21 = 5*k. Suppose f + k*o = -3*f + 323, o = -3*f + 245. Let y(l) = -l**3 - 82*l + 4*l**2 + f*l - 1. What is y(4)?
-1
Let l(r) = 4*r - 2*r + r - 6*r - 2 - 2*r**2. Let v(z) = z**3 - 9*z**2 - 23*z + 9. Let t be v(11). Calculate l(t).
-4
Let r(q) = -q - 9. Suppose -230*n + 30 = -236*n. Determine r(n).
-4
Suppose 2*p + 3*a + 12 = 0, -4*a + 0 - 16 = -3*p. Let g be 2 + (p/1 - 5). Let d(n) be the second derivative of n**4/12 + n**3/6 + n**2 - 2*n. What is d(g)?
8
Let b(c) = 2*c**2 + 2*c + 2. Suppose 3*y + 64 = f + 58, -5*f - 10 = 5*y. Give b(y).
6
Let b be (-54)/(-30) - (-1)/5. Let m(l) = -l**2 - 7*l**b - 1 + 4*l**2 + 5*l**2. Calculate m(3).
8
Let t(x) = -x - 8. Suppose -23*v + 15 = -20*v. Suppose 2*u - v*l + 31 = -12, 4*l = 3*u + 47. Calculate t(u).
1
Let g(s) = s**3 + 6*s**2 - 30*s - 176. Let y be g(-6). Let i(d) = d**3 - 4*d**2 - d - 1. Determine i(y).
-5
Let n = 1 - -1. Let g(q) = 2*q - q + n*q - 6 - q. Suppose t + 2*o - 10 = 0, 36 = 2*t + 3*t + 3*o. Calculate g(t).
6
Let j(d) = -d**3 + d**2. Let n(y) = -y**3 - 3*y**2 + 3*y - 8. Let l(k) = -2*j(k) + n(k). Let z be l(5). Let u(o) = o**2 - 6*o + 4. Determine u(z).
11
Let l(m) be the second derivative of -m**4/3 - m**3/6 + m. Let f be (-5)/((-15)/18) - 4. Suppose 2*a - f = 2*w, 2*a + 0*a = 3*w + 2. Calculate l(a).
-5
Let g(k) = k + 1. Let o(j) = -5*j - 7. Let z(x) = -6*g(x) - o(x). Let l(p) = -1 - 3*p - 3*p + 2 - 4. Let r(s) = l(s) - 5*z(s). Determine r(-6).
-2
Let f(u) = u + 5. Suppose -3*d - 254 = 5*s, 343 = -4*d + 5*s - 19. Let k be d/(-20) + (-2)/5. Suppose 4*a = 4*z - 7*z - 32, -3*a - k*z = 31. Give f(a).
0
Let s(c) = c**2 + c. Let k = 11 - 7. Suppose -3 = -g - 1. Suppose -y - k = y + 2*n, 0 = 5*y + g*n + 4. Give s(y).
0
Let m be (-8)/2*(-2)/4. Let u = -1 + m. Let h(l) = 5*l - 2. Let v(p) = 6*p - 3. Let i(x) = -4*h(x) + 3*v(x). Calculate i(u).
-3
Suppose 5*l - 5*f - 25 = 0, -2*l + 4*l = -3*f + 30. Let p = l + -8. Let o(q) = 1 - 6 - 1 - p - q. Calculate o(-5).
-2
Suppose w - 3 - 6 = 0. Let k = w + -9. Let h(l) = -1 - l - 4 + 0 + l**2 - l**3. Calculate h(k).
-5
Let h(q) = -2*q**3 - q**2 - 3*q. Let m(r) = 5*r**3 + 11*r**2 + 17*r + 12. Let k(u) = -3*h(u) - m(u). Suppose -a - 6*d + 14 = -d, 3*a - 25 = 2*d. Calculate k(a).
-3
Let k(u) be the first derivative of -u**5/20 - u**4/4 + 2*u**3/3 + 3*u**2 + 3*u - 24. Let n(g) be the first derivative of k(g). What is n(-4)?
6
Let i(k) = -k**2 + 2*k - 1. Suppose h + 4*q = -6, -2*h - 2*q + 12 = h. Suppose -7*b - 8 = h. Determine i(b).
-9
Let d = -1728 + 1723. Let v(f) = -f**3 - 5*f**2 - 8*f - 10. Determine v(d).
30
Let o(f) = -44*f**3 - 21*f**3 + 4*f + 64*f**3 + 3*f**2 - 3. Give o(3).
9
Suppose v = 1 + 1. Let l be ((-8)/(-7) - v)*7. Let b(p) = -2*p - 9. Calculate b(l).
3
Let f(k) = k**